. Let h be m(-5). Let j(n) = -4 + h + 18*n**2 + 0. Let i be j(-1). What is the greatest common divisor of 27 and i?
9
Suppose i + 3*i = 40. Let k be 14/6 + (-4)/12. Suppose 4*y - 5*g + k*g = 75, -5*y = g - 70. What is the highest common factor of i and y?
5
Suppose 5*j + k + 2*k - 22 = 0, 2*k - 8 = 0. Suppose -o + j = -2. Calculate the highest common divisor of 1 and o.
1
Suppose 9*u - 4*u = -5*d + 5, 3*u = 0. Calculate the greatest common factor of 17 and d.
1
Suppose 0 = 2*t - 15 - 23. Suppose p - 2*p = -t. Calculate the greatest common factor of 38 and p.
19
Suppose -11*s + 330 = -s. What is the highest common factor of 165 and s?
33
Let d = -3 + 5. Suppose 0 = -4*y - 20, d*p - 5*y + 60 = 327. Calculate the highest common divisor of 11 and p.
11
Suppose 2*f = -n + 6, -2*f = f - 4*n - 20. Suppose 3*m - f = m. What is the highest common factor of 4 and m?
2
Let i(x) = -2*x**3 - 5*x**2 - 6*x + 7. Let b be i(-6). What is the highest common factor of 118 and b?
59
Let h be ((-2)/2 - -3) + 20. Suppose -9*p + 44 = -8*p. Calculate the greatest common factor of p and h.
22
Suppose -3*b + 5*b = -248. Let i = b - -184. Calculate the highest common factor of 12 and i.
12
Let f be (30/8)/((-2)/(-144)). Suppose -f = -z - 4*z. Suppose 0 = 14*v - 216 - 36. Calculate the greatest common factor of z and v.
18
Suppose 5*n - 18 - 12 = 0. Calculate the highest common factor of n and 9.
3
Let d be -1*(-55)/(-10)*-8. What is the highest common factor of 220 and d?
44
Let z be (-1 - -2) + -30 + 2. Let x be (-6)/z + (-68)/(-18). Let t be 2/5 - (-38)/5. Calculate the highest common divisor of x and t.
4
Let a = -604 + 1003. Suppose a = 5*l - 281. What is the highest common divisor of l and 17?
17
Suppose -3*d = d - 40. Suppose -4*r - 2 = 3*g + 9, 2*g - r = -11. Let a = -1 - g. What is the highest common factor of a and d?
2
Suppose 0 = a - 3*a + 12. Suppose -3 = -2*x + x. Suppose -x*k + 86 + 76 = 0. Calculate the greatest common factor of k and a.
6
Let v(r) = -r**3 + 8*r**2 - r. Let z be v(8). Let s be -7 - (3 + -3)/(-4). Let i be (64 - 0) + (z - s). What is the greatest common divisor of 7 and i?
7
Suppose 0 = -0*l + 5*l. Suppose -z + 22 = -l*x - 2*x, -x = 2. Suppose 28*r - 4 = 26*r. What is the greatest common factor of z and r?
2
Suppose -4*c + 0*c = -12. Suppose 6 = c*o - 30. Let s be (-16)/(-6)*6/4. Calculate the greatest common divisor of s and o.
4
Let l be 178/6 + (-2)/(-6). Calculate the greatest common divisor of l and 75.
15
Let f = -8 + -10. Let l = f - -26. Let p be 1 - (-4)/(-2) - -89. What is the greatest common divisor of l and p?
8
Let d(z) = -2*z**3 - 3*z**2 - 3*z - 4. Let a be d(-4). Suppose -2*j + 55 = 5*s, -3*j = 5*s + 2*j - 55. Calculate the highest common divisor of s and a.
11
Suppose 220 = -4*i + 8*i. Calculate the highest common factor of 5 and i.
5
Let d(w) be the first derivative of -15*w**2/2 - 1. Let q be d(2). Let f be 2 + q/(0 + -2). Calculate the highest common divisor of 17 and f.
17
Suppose 59 = v - 4*i + 2*i, -4*v + 5*i = -221. What is the greatest common divisor of v and 7?
7
Suppose -3*r + z = -139, -2*r = -0*r - 3*z - 81. Calculate the highest common factor of r and 12.
12
Let a(j) = -j**2 + j + 4. Let g be a(0). Suppose 3 = 3*k - 0. Let f be g + -2 - (k + -11). What is the greatest common factor of f and 12?
12
Suppose -8 = -0*v - v. Let h be 4/(-3)*9*-6. Calculate the greatest common factor of v and h.
8
Let l = 11 - -8. Let v = 15 + -11. Suppose 3*n - 61 = -v. Calculate the highest common factor of l and n.
19
Let f = 8 - 3. Let k(m) = m - 3. Let p be k(f). Let d be 102/9 - p/6. Calculate the greatest common divisor of d and 55.
11
Let d be ((-24)/15)/((-2)/50). Suppose 0 = -5*a + 2*b + 70, -2*b - d = -5*a - 6*b. Calculate the greatest common divisor of 48 and a.
12
Let l = -3 + 11. Let s = -12 - -14. Suppose s*q + 2*m + 0*m - 116 = 0, 0 = 5*m - 10. Calculate the highest common divisor of l and q.
8
Suppose 3*i + 2200 = 14*i. Calculate the highest common factor of i and 25.
25
Let o(g) = g**2 + 9*g + 5. Let t be o(-8). Let j = t - -9. Calculate the highest common factor of j and 4.
2
Suppose -b + 20 = -0*b. Calculate the highest common factor of 5 and b.
5
Suppose -8*y + 2*y = -402. Let k be -3 + 4/(-4) + y. What is the greatest common factor of 7 and k?
7
Suppose 3*l - 12 = 0, -2*f - 8 = -l - l. Suppose -6*c + c + 15 = f. Let q = 8 - -4. Calculate the greatest common divisor of c and q.
3
Suppose -4*c = -2*k + 44, 0*c = k - c - 21. Suppose 5*p = 4*y + 26, 5*p - 4*y - 14 = -3*y. Suppose z = p*z - 60. What is the greatest common divisor of k and z?
20
Let v(z) = -z**2 + 20*z - 16. Let x be v(10). What is the highest common factor of x and 7?
7
Let m(q) = -q**2 - 10*q - 8. Let l be m(-8). Calculate the highest common divisor of l and 8.
8
Let m = -92 + -107. Let x = m - -309. What is the greatest common divisor of 10 and x?
10
Let p = -19 - -27. Suppose 48 = 5*q - 277. Let s = q - 33. What is the highest common factor of s and p?
8
Let a(u) = -u**2 - 32*u - 40. Let t be a(-28). What is the highest common factor of 9 and t?
9
Let m be 45/25*(-3 - -8). Calculate the greatest common factor of m and 27.
9
Let x(v) = v**3 + 6*v**2 + 8*v + 1. Let w be x(-3). What is the highest common factor of 28 and w?
4
Let f be (2 - 2)*(-6)/(-12). Suppose -3*w + 126 = 4*t - f*w, -2*w = -5*t + 146. What is the greatest common factor of t and 75?
15
Let f(l) be the third derivative of -l**4/24 + 44*l**3/3 - l**2. Let u be f(0). Calculate the highest common divisor of 11 and u.
11
Let m be (-50)/4*(-72)/10. What is the highest common factor of m and 10?
10
Let v be 4/2*2 + 1. Suppose -v*d + o = 2*o - 30, 27 = d - 4*o. Calculate the highest common divisor of 49 and d.
7
Suppose h = 52 + 15. Suppose 5*b - 9 = 2*b, -2*v = 5*b - h. Let j = 3 + 10. What is the greatest common factor of j and v?
13
Suppose -2*b + 5*b - 24 = 0. What is the greatest common factor of b and 12?
4
Suppose 2 = b - 3*q, -5*b - 19 - 26 = -4*q. Let h(t) = t**2 + 4*t - 3. Let i be h(-3). Let l = i - b. What is the greatest common factor of l and 1?
1
Suppose -7 = -t - 0*t. Suppose 7 = -w + 5. Let g(a) = -18*a - 1. Let s be g(w). Calculate the greatest common divisor of t and s.
7
Let j = 56 + -44. What is the greatest common factor of 108 and j?
12
Suppose b - 4*f = -0*f + 42, 4*b + 4*f = 108. Calculate the highest common factor of b and 6.
6
Let f(h) = 10*h - 1. Let j(d) = 15*d - 1. Let t(u) = 7*f(u) - 5*j(u). Let r be t(-3). What is the highest common divisor of r and 26?
13
Let o = 24 - 14. Let i = 14 - o. Let d be 2/i*(-336)/(-3). Calculate the highest common divisor of d and 7.
7
Let g(h) = 4 + 5*h + 2*h**2 - 1 + 1. Let z be g(-4). Let w = z + 56. What is the highest common divisor of 8 and w?
8
Let r(n) = -n - 1. Let p be r(-6). Suppose -p*u = -10*u. Let x be u + -2 - -4 - -6. Calculate the greatest common factor of x and 20.
4
Let n be (5/4)/((-5)/(-20)). Let g(y) = -y**3 - 3*y**2 - 2*y - 1. Let p be g(-3). Calculate the highest common factor of p and n.
5
Let v(r) = 2*r**2 + 6 + r**2 - 9*r - 2*r**2. Let d be v(10). Calculate the highest common divisor of d and 80.
16
Suppose 0*c + 21 = 2*c - r, -c = 5*r - 16. Suppose -c*j + 40 = -6*j. What is the highest common factor of 1 and j?
1
Suppose -3*d + 48 = -3. What is the highest common factor of d and 187?
17
Let n = 6 + -10. Let l be (-16)/10*10/n. Let u be 75/l - (-2)/8. What is the highest common factor of u and 57?
19
Suppose 12 = -3*k, 4*k - 6*k = 2*f + 198. Let c = f + 260. What is the greatest common divisor of c and 15?
15
Let y(x) = -90*x**3 + x. Let w be y(-1). Let u = w + -12. Let q be (-168)/18*8/(64/(-6)). Calculate the highest common factor of q and u.
7
Let s(u) = u**3 + 17*u**2 + 14*u - 25. Let f be s(-16). Calculate the greatest common divisor of f and 91.
7
Let o = 3 - -2. Suppose o*b + 13 - 33 = 0. What is the highest common factor of 2 and b?
2
Let n = 86 - 61. Calculate the highest common divisor of 200 and n.
25
Let f be (-6)/8*-6*2. Let o = f + 0. Calculate the greatest common divisor of 72 and o.
9
Let b = -217 + 231. Let r = -15 - -36. Calculate the highest common factor of b and r.
7
Let q(s) = 2*s - 2. Let g be q(0). Let r be g/8*-17*4. Suppose 2*z = -3*n - 0*z + 418, -5*n - 4*z = -700. What is